[INFO] cloning repository https://github.com/majorz/hyper-tryout
[INFO] running `Command { std: "git" "-c" "credential.helper=" "-c" "credential.helper=/workspace/cargo-home/bin/git-credential-null" "clone" "--bare" "https://github.com/majorz/hyper-tryout" "/workspace/cache/git-repos/https%3A%2F%2Fgithub.com%2Fmajorz%2Fhyper-tryout", kill_on_drop: false }`
[INFO] [stderr] Cloning into bare repository '/workspace/cache/git-repos/https%3A%2F%2Fgithub.com%2Fmajorz%2Fhyper-tryout'...
[INFO] running `Command { std: "git" "rev-parse" "HEAD", kill_on_drop: false }`
[INFO] [stdout] 8e72b392821f91be6580ecce11d89e290087a20c
[INFO] checking majorz/hyper-tryout against master#af3c6e733a40e671550e0f0f5aeecaa13772ba56 for pr-74989
[INFO] running `Command { std: "git" "clone" "/workspace/cache/git-repos/https%3A%2F%2Fgithub.com%2Fmajorz%2Fhyper-tryout" "/workspace/builds/worker-9/source", kill_on_drop: false }`
[INFO] [stderr] Cloning into '/workspace/builds/worker-9/source'...
[INFO] [stderr] done.
[INFO] validating manifest of git repo https://github.com/majorz/hyper-tryout on toolchain af3c6e733a40e671550e0f0f5aeecaa13772ba56
[INFO] running `Command { std: "/workspace/cargo-home/bin/cargo" "+af3c6e733a40e671550e0f0f5aeecaa13772ba56" "read-manifest" "--manifest-path" "Cargo.toml", kill_on_drop: false }`
[INFO] started tweaking git repo https://github.com/majorz/hyper-tryout
[INFO] finished tweaking git repo https://github.com/majorz/hyper-tryout
[INFO] tweaked toml for git repo https://github.com/majorz/hyper-tryout written to /workspace/builds/worker-9/source/Cargo.toml
[INFO] crate git repo https://github.com/majorz/hyper-tryout already has a lockfile, it will not be regenerated
[INFO] running `Command { std: "/workspace/cargo-home/bin/cargo" "+af3c6e733a40e671550e0f0f5aeecaa13772ba56" "fetch" "--locked" "--manifest-path" "Cargo.toml", kill_on_drop: false }`
[INFO] [stderr]     Blocking waiting for file lock on package cache
[INFO] [stderr] error: the lock file /workspace/builds/worker-9/source/Cargo.lock needs to be updated but --locked was passed to prevent this
[INFO] [stderr] If you want to try to generate the lock file without accessing the network, use the --offline flag.
[INFO] the lockfile is outdated, regenerating it
[INFO] running `Command { std: "/workspace/cargo-home/bin/cargo" "+af3c6e733a40e671550e0f0f5aeecaa13772ba56" "generate-lockfile" "--manifest-path" "Cargo.toml" "-Zno-index-update", kill_on_drop: false }`
[INFO] [stderr]     Blocking waiting for file lock on package cache
[INFO] [stderr]     Updating git repository `https://github.com/hyperium/hyper.git`
[INFO] running `Command { std: "/workspace/cargo-home/bin/cargo" "+af3c6e733a40e671550e0f0f5aeecaa13772ba56" "fetch" "--locked" "--manifest-path" "Cargo.toml", kill_on_drop: false }`
[INFO] [stderr]     Blocking waiting for file lock on package cache
[INFO] [stderr]  Downloading crates ...
[INFO] [stderr]   Downloaded proc-macro2 v1.0.21
[INFO] [stderr]   Downloaded bytes v0.5.6
[INFO] [stderr]   Downloaded indexmap v1.6.0
[INFO] [stderr]   Downloaded unicode-xid v0.2.1
[INFO] [stderr]   Downloaded hashbrown v0.9.0
[INFO] [stderr]   Downloaded h2 v0.2.6
[INFO] [stderr]   Downloaded pin-project v0.4.23
[INFO] [stderr]   Downloaded net2 v0.2.35
[INFO] [stderr]   Downloaded tracing v0.1.19
[INFO] [stderr]   Downloaded syn v1.0.41
[INFO] [stderr]   Downloaded httpdate v0.3.2
[INFO] [stderr]   Downloaded tokio v0.2.22
[INFO] [stderr]   Downloaded try-lock v0.2.3
[INFO] [stderr]   Downloaded pin-project-internal v0.4.23
[INFO] [stderr]   Downloaded tracing-core v0.1.16
[INFO] running `Command { std: "docker" "create" "-v" "/var/lib/crater-agent-workspace/builds/worker-9/target:/opt/rustwide/target:rw,Z" "-v" "/var/lib/crater-agent-workspace/builds/worker-9/source:/opt/rustwide/workdir:ro,Z" "-v" "/var/lib/crater-agent-workspace/cargo-home:/opt/rustwide/cargo-home:ro,Z" "-v" "/var/lib/crater-agent-workspace/rustup-home:/opt/rustwide/rustup-home:ro,Z" "-e" "SOURCE_DIR=/opt/rustwide/workdir" "-e" "CARGO_TARGET_DIR=/opt/rustwide/target" "-e" "CARGO_HOME=/opt/rustwide/cargo-home" "-e" "RUSTUP_HOME=/opt/rustwide/rustup-home" "-w" "/opt/rustwide/workdir" "-m" "1610612736" "--user" "0:0" "--network" "none" "rustops/crates-build-env@sha256:d92eaeed33fa75130ca1ee6c8a01d1ffb62bac859dfdfb3450e3e5d1c0146529" "/opt/rustwide/cargo-home/bin/cargo" "+af3c6e733a40e671550e0f0f5aeecaa13772ba56" "metadata" "--no-deps" "--format-version=1", kill_on_drop: false }`
[INFO] [stdout] 320bb789c334ce0ebd38be667a1252a7905acfcd8a5c699253cd61c9adaf4aea
[INFO] [stderr] WARNING: Your kernel does not support swap limit capabilities or the cgroup is not mounted. Memory limited without swap.
[INFO] running `Command { std: "docker" "start" "-a" "320bb789c334ce0ebd38be667a1252a7905acfcd8a5c699253cd61c9adaf4aea", kill_on_drop: false }`
[INFO] running `Command { std: "docker" "inspect" "320bb789c334ce0ebd38be667a1252a7905acfcd8a5c699253cd61c9adaf4aea", kill_on_drop: false }`
[INFO] running `Command { std: "docker" "rm" "-f" "320bb789c334ce0ebd38be667a1252a7905acfcd8a5c699253cd61c9adaf4aea", kill_on_drop: false }`
[INFO] [stdout] 320bb789c334ce0ebd38be667a1252a7905acfcd8a5c699253cd61c9adaf4aea
[INFO] running `Command { std: "docker" "create" "-v" "/var/lib/crater-agent-workspace/builds/worker-9/target:/opt/rustwide/target:rw,Z" "-v" "/var/lib/crater-agent-workspace/builds/worker-9/source:/opt/rustwide/workdir:ro,Z" "-v" "/var/lib/crater-agent-workspace/cargo-home:/opt/rustwide/cargo-home:ro,Z" "-v" "/var/lib/crater-agent-workspace/rustup-home:/opt/rustwide/rustup-home:ro,Z" "-e" "SOURCE_DIR=/opt/rustwide/workdir" "-e" "CARGO_TARGET_DIR=/opt/rustwide/target" "-e" "CARGO_INCREMENTAL=0" "-e" "RUST_BACKTRACE=full" "-e" "RUSTFLAGS=--cap-lints=forbid" "-e" "CARGO_HOME=/opt/rustwide/cargo-home" "-e" "RUSTUP_HOME=/opt/rustwide/rustup-home" "-w" "/opt/rustwide/workdir" "-m" "1610612736" "--user" "0:0" "--network" "none" "rustops/crates-build-env@sha256:d92eaeed33fa75130ca1ee6c8a01d1ffb62bac859dfdfb3450e3e5d1c0146529" "/opt/rustwide/cargo-home/bin/cargo" "+af3c6e733a40e671550e0f0f5aeecaa13772ba56" "check" "--frozen" "--all" "--all-targets" "--message-format=json", kill_on_drop: false }`
[INFO] [stdout] d7fed39946b91e1f3705f85d1acb077b6e6f4b1cd8f5c28f8725a0385156bc20
[INFO] [stderr] WARNING: Your kernel does not support swap limit capabilities or the cgroup is not mounted. Memory limited without swap.
[INFO] running `Command { std: "docker" "start" "-a" "d7fed39946b91e1f3705f85d1acb077b6e6f4b1cd8f5c28f8725a0385156bc20", kill_on_drop: false }`
[INFO] [stderr]     Checking cfg-if v0.1.10
[INFO] [stderr]    Compiling libc v0.2.77
[INFO] [stderr]    Compiling log v0.4.11
[INFO] [stderr]    Compiling proc-macro2 v1.0.21
[INFO] [stderr]    Compiling unicode-xid v0.2.1
[INFO] [stderr]    Compiling syn v1.0.41
[INFO] [stderr]     Checking bytes v0.5.6
[INFO] [stderr]     Checking lazy_static v1.4.0
[INFO] [stderr]     Checking fnv v1.0.7
[INFO] [stderr]    Compiling pin-project-internal v0.4.23
[INFO] [stderr]     Checking futures-core v0.3.5
[INFO] [stderr]    Compiling autocfg v1.0.1
[INFO] [stderr]     Checking slab v0.4.2
[INFO] [stderr]     Checking pin-project-lite v0.1.7
[INFO] [stderr]     Checking itoa v0.4.6
[INFO] [stderr]     Checking futures-sink v0.3.5
[INFO] [stderr]    Compiling httparse v1.3.4
[INFO] [stderr]     Checking futures-task v0.3.5
[INFO] [stderr]     Checking hashbrown v0.9.0
[INFO] [stderr]     Checking pin-utils v0.1.0
[INFO] [stderr]     Checking try-lock v0.2.3
[INFO] [stderr]     Checking tower-service v0.3.0
[INFO] [stderr]     Checking tracing-core v0.1.16
[INFO] [stderr]     Checking futures-channel v0.3.5
[INFO] [stderr]    Compiling indexmap v1.6.0
[INFO] [stderr]     Checking want v0.3.0
[INFO] [stderr]     Checking http v0.2.1
[INFO] [stderr]     Checking tracing v0.1.19
[INFO] [stderr]    Compiling quote v1.0.7
[INFO] [stderr]     Checking net2 v0.2.35
[INFO] [stderr]     Checking iovec v0.1.4
[INFO] [stderr]     Checking socket2 v0.3.15
[INFO] [stderr]     Checking mio v0.6.22
[INFO] [stderr]     Checking tokio v0.2.22
[INFO] [stderr]     Checking http-body v0.3.1
[INFO] [stderr]     Checking tokio-util v0.3.1
[INFO] [stderr]     Checking pin-project v0.4.23
[INFO] [stderr]     Checking futures-util v0.3.5
[INFO] [stderr]     Checking h2 v0.2.6
[INFO] [stderr]     Checking hyper v0.13.7 (https://github.com/hyperium/hyper.git#66fc127c)
[INFO] [stderr]     Checking hyper-tryout v0.0.1 (/opt/rustwide/workdir)
[INFO] [stdout] error[E0432]: unresolved import `hyper::server::Request`
[INFO] [stdout]  --> src/main.rs:7:5
[INFO] [stdout]   |
[INFO] [stdout] 7 | use hyper::server::Request;
[INFO] [stdout]   |     ^^^^^^^^^^^^^^^^^^^^^^ no `Request` in `server`
[INFO] [stdout] 
[INFO] [stdout] 
[INFO] [stdout] error[E0432]: unresolved import `hyper::server::Response`
[INFO] [stdout]  --> src/main.rs:8:5
[INFO] [stdout]   |
[INFO] [stdout] 8 | use hyper::server::Response;
[INFO] [stdout]   |     ^^^^^^^^^^^^^^^^^^^^^^^ no `Response` in `server`
[INFO] [stdout] 
[INFO] [stdout] 
[INFO] [stdout] error[E0432]: unresolved import `hyper::net`
[INFO] [stdout]  --> src/main.rs:9:12
[INFO] [stdout]   |
[INFO] [stdout] 9 | use hyper::net::Fresh;
[INFO] [stdout]   |            ^^^ could not find `net` in `hyper`
[INFO] [stdout] 
[INFO] [stdout] 
[INFO] [stdout] error[E0432]: unresolved import `hyper::server::Request`
[INFO] [stdout]  --> src/main.rs:7:5
[INFO] [stdout]   |
[INFO] [stdout] 7 | use hyper::server::Request;
[INFO] [stdout]   |     ^^^^^^^^^^^^^^^^^^^^^^ no `Request` in `server`
[INFO] [stdout] 
[INFO] [stdout] 
[INFO] [stdout] error[E0432]: unresolved import `hyper::server::Response`
[INFO] [stdout]  --> src/main.rs:8:5
[INFO] [stdout]   |
[INFO] [stdout] 8 | use hyper::server::Response;
[INFO] [stdout]   |     ^^^^^^^^^^^^^^^^^^^^^^^ no `Response` in `server`
[INFO] [stdout] 
[INFO] [stdout] 
[INFO] [stdout] error[E0432]: unresolved import `hyper::net`
[INFO] [stdout]  --> src/main.rs:9:12
[INFO] [stdout]   |
[INFO] [stdout] 9 | use hyper::net::Fresh;
[INFO] [stdout]   |            ^^^ could not find `net` in `hyper`
[INFO] [stdout] 
[INFO] [stdout] 
[INFO] [stdout] error[E0599]: no function or associated item named `https` found for struct `Server<_, _, _>` in the current scope
[INFO] [stdout]   --> src/main.rs:18:25
[INFO] [stdout]    |
[INFO] [stdout] 18 |    let server = Server::https(
[INFO] [stdout]    |                         ^^^^^ function or associated item not found in `Server<_, _, _>`
[INFO] [stdout] 
[INFO] [stdout] 
[INFO] [stdout] warning: unused import: `std::io::Write`
[INFO] [stdout]  --> src/main.rs:3:5
[INFO] [stdout]   |
[INFO] [stdout] 3 | use std::io::Write;
[INFO] [stdout]   |     ^^^^^^^^^^^^^^
[INFO] [stdout]   |
[INFO] [stdout]   = note: `#[warn(unused_imports)]` on by default
[INFO] [stdout] 
[INFO] [stdout] 
[INFO] [stdout] error[E0599]: no function or associated item named `https` found for struct `Server<_, _, _>` in the current scope
[INFO] [stdout]   --> src/main.rs:18:25
[INFO] [stdout]    |
[INFO] [stdout] 18 |    let server = Server::https(
[INFO] [stdout]    |                         ^^^^^ function or associated item not found in `Server<_, _, _>`
[INFO] [stdout] 
[INFO] [stdout] 
[INFO] [stdout] error: aborting due to 4 previous errors; 1 warning emitted
[INFO] [stdout] 
[INFO] [stdout] 
[INFO] [stdout] warning: unused import: `std::io::Write`
[INFO] [stdout]  --> src/main.rs:3:5
[INFO] [stdout]   |
[INFO] [stdout] 3 | use std::io::Write;
[INFO] [stdout]   |     ^^^^^^^^^^^^^^
[INFO] [stdout]   |
[INFO] [stdout]   = note: `#[warn(unused_imports)]` on by default
[INFO] [stdout] 
[INFO] [stdout] 
[INFO] [stdout] error: aborting due to 4 previous errors; 1 warning emitted
[INFO] [stdout] 
[INFO] [stdout] 
[INFO] [stdout] Some errors have detailed explanations: E0432, E0599.
[INFO] [stdout] 
[INFO] [stdout] For more information about an error, try `rustc --explain E0432`.
[INFO] [stdout] 
[INFO] [stdout] Some errors have detailed explanations: E0432, E0599.
[INFO] [stdout] 
[INFO] [stdout] For more information about an error, try `rustc --explain E0432`.
[INFO] [stdout] 
[INFO] [stderr] error: could not compile `hyper-tryout`.
[INFO] [stderr] 
[INFO] [stderr] To learn more, run the command again with --verbose.
[INFO] [stderr] warning: build failed, waiting for other jobs to finish...
[INFO] [stderr] error: build failed
[INFO] running `Command { std: "docker" "inspect" "d7fed39946b91e1f3705f85d1acb077b6e6f4b1cd8f5c28f8725a0385156bc20", kill_on_drop: false }`
[INFO] running `Command { std: "docker" "rm" "-f" "d7fed39946b91e1f3705f85d1acb077b6e6f4b1cd8f5c28f8725a0385156bc20", kill_on_drop: false }`
[INFO] [stdout] d7fed39946b91e1f3705f85d1acb077b6e6f4b1cd8f5c28f8725a0385156bc20
